-198)/(-9))/(3/9). Suppose -2*o - 26 + q = 0. Calculate the highest common factor of o and z.
20
Suppose 0 = 3*u + 3, 2*a - u - 43 = -a. Calculate the highest common divisor of a and 511.
7
Suppose -9 = -5*n + 1. Suppose 0 = n*y + 2, -5*y - 3 = -v + 2*v. Suppose 0*g = v*g - 56. Calculate the greatest common factor of 14 and g.
14
Suppose -23 = 5*x - n - 102, -2*x - 5*n + 37 = 0. What is the highest common factor of 496 and x?
16
Let c(u) = 8*u - 2. Let m be c(-1). Let x be 52/10 + (-8)/m. Let i be (-2)/(-8) + 118/8. Calculate the highest common divisor of i and x.
3
Let h = -1274 + 1286. Calculate the greatest common divisor of 81 and h.
3
Let v(w) = w**2 - 4*w - 16. Let y be v(-5). Suppose b - 9 = -0*b - t, y = 5*b + t. Calculate the highest common divisor of 35 and b.
5
Suppose -5*u + 5*d = -20, -4*u + 27 - 11 = -d. What is the greatest common factor of 60 and u?
4
Suppose 0 - 9 = 3*s, 3*c - 4*s - 141 = 0. What is the highest common factor of c and 731?
43
Suppose 4*m - 58 = 478. Let v = -118 + m. Calculate the highest common divisor of v and 1.
1
Suppose m + 5 = 7. Let r = 146 - 144. Calculate the greatest common factor of m and r.
2
Let g be (1 - 3/(-3)) + 8. Let t(b) = -b**3 + 17*b**2 + 19*b - 9. Let k be t(18). Let q = g - k. What is the highest common divisor of 1 and q?
1
Let t = 3 - -7. Let d = t + -6. Suppose 8 = -0*m - d*m, 5*m + 48 = 2*z. Calculate the highest common factor of 95 and z.
19
Let d = 7 + -3. Suppose d*y - 3*y + 26 = 0. Let b = 98 + y. Calculate the highest common divisor of b and 9.
9
Suppose 8*y = y + 21. Suppose -2*q + 8 = 3*d, -2*q - 32 = -4*q + y*d. What is the highest common factor of 10 and q?
10
Suppose -180 = -3*l + 9. What is the greatest common divisor of 9 and l?
9
Let f = 35 + -37. Let x be (f + -3 + 32)*11. Calculate the greatest common factor of x and 27.
27
Suppose 0 = 159*b - 160*b + 81. Calculate the greatest common factor of b and 648.
81
Let f(s) = 6*s + 4. Let q be f(4). Let j = 20 + q. Calculate the greatest common factor of j and 24.
24
Let m = 1 + -2. Let q = -39 - -49. Let w = q + m. What is the highest common factor of w and 81?
9
Suppose -4*x + 514 = -s - 66, -290 = -2*x + s. Let v = x + -41. Calculate the highest common divisor of 39 and v.
13
Let u(f) = -f + 12. Let q be u(5). Suppose 0 = -2*m + m + 2*d - 29, -44 = m - 5*d. Let r = 30 - m. Calculate the greatest common factor of r and q.
7
Suppose 7*o - 6*o = 7. Suppose 7*n - o + 0 = 0. What is the highest common factor of 4 and n?
1
Let y(k) = -2*k - 20. Let w be y(-14). Let l(c) = -c**3 + 7*c**2 + 15*c + 8. Let i be l(8). What is the highest common factor of w and i?
8
Let z be 19/((-152)/(-16))*54/4. What is the greatest common factor of z and 45?
9
Let u = 1801 - 1141. Calculate the highest common factor of u and 55.
55
Suppose -96 = -2*k + 12*j - 6*j, -5*k + 3*j = -204. What is the greatest common factor of k and 468?
39
Let t be ((-2)/(-6))/((-1)/(-207)). Suppose -y = 5*w - 115, t = 2*w + 5*y - 0*y. What is the greatest common factor of 33 and w?
11
Let x(h) = -2*h - 4. Let r = -5 + 0. Let d be x(r). Let u be 47 + d/(3 + -6). What is the highest common divisor of 15 and u?
15
Let a(r) = -5*r - 18. Suppose 0 = -25*k + 30*k + 40. Let p be a(k). What is the highest common divisor of p and 88?
22
Suppose -67*a = -72*a + 120. Let s = 512 + -229. Suppose -17 = -5*r + s. Calculate the greatest common factor of r and a.
12
Suppose -w + 5*v = -0*w - 12, -4*v - 14 = -3*w. Suppose -8 = -4*d, -42 + w = -4*f - 2*d. What is the greatest common factor of f and 1?
1
Suppose -4*k = -4*b - 16, 0*b = -5*k - 2*b + 27. Suppose 254 = 4*h - o, -h + 43 + 11 = -k*o. What is the greatest common divisor of h and 8?
8
Let j = 735 - 575. Calculate the highest common divisor of 192 and j.
32
Let x(j) = 250*j**3. Let z be x(1). Suppose 7*y = 17*y - z. What is the highest common divisor of y and 175?
25
Suppose -23 = -2*r + 2*k - k, 3*r - k - 35 = 0. Let l(w) = -w + 17. Let m be l(r). Let d be 682/33 - (-4)/(-6). What is the greatest common divisor of d and m?
5
Let j = 2 - 0. Suppose 12 = v + j. Let r be (50/(-15))/((-1)/12). Calculate the highest common factor of v and r.
10
Suppose 17*s + 40 = 27*s. Calculate the highest common factor of 8 and s.
4
Suppose -9*x + 2131 + 1829 = 0. Calculate the greatest common factor of x and 60.
20
Suppose 4*g - d = -5*d + 48, 5*g + d = 44. Let n(o) = -17*o - 14. Let m be n(-2). What is the highest common divisor of m and g?
4
Let q = -9 + 21. Let i(m) = -m**2 - 5*m + 6. Let n be i(-6). Let a be (-85)/(-1) + n + -1. Calculate the greatest common factor of a and q.
12
Let i be (-1)/1*15*-1. Let f be (3/(24/4))/((-2)/12). Let m be (f/(-6))/((-2)/(-12)). What is the greatest common factor of i and m?
3
Suppose -2*w + 4 + 2 = -2*s, 5*s + 6 = 2*w. Suppose -w*n + 212 = -4*j - 0*j, -2*n + 140 = -4*j. Calculate the greatest common divisor of 48 and n.
24
Suppose -4*m - 70 = -10. Let l be (-15)/(2 - 7) - (m - 0). Let o = -17 - -35. Calculate the highest common divisor of l and o.
18
Suppose t - 17 - 13 = 5*c, -3*c - 5 = 2*t. Let y(v) = -3*v**2 - 18*v + 50. Let x be y(-8). What is the highest common divisor of x and t?
1
Let l be (-400)/(-48)*6/5. Calculate the greatest common factor of l and 115.
5
Suppose -4*g - 7*a + 6*a + 664 = 0, -3*g = -5*a - 475. Calculate the greatest common divisor of g and 60.
15
Let h(l) = 53*l + 177. Let i be h(-3). What is the greatest common factor of i and 144?
18
Let j(h) = -27*h + 195. Let c be j(5). Calculate the greatest common factor of 160 and c.
20
Let r be 2/(-8) - (-39)/12. Suppose -2*p - r*p = 35. Let t(m) = m**3 + 9*m**2 - 6*m - 7. Let x be t(p). Calculate the highest common factor of x and 19.
19
Let m(b) be the second derivative of 31*b**4/12 + b**3/3 + b**2/2 + 14*b. Let o be m(-2). What is the highest common divisor of o and 11?
11
Suppose 0 = -j + a + 140, 5*j - 4*j - 136 = 2*a. Suppose -j = 4*k - 6*k. Calculate the highest common divisor of k and 48.
24
Let t = 912 + -857. What is the greatest common divisor of 396 and t?
11
Suppose -59 = 13*u - 7. Let a(m) = -m**3 + 8*m**2 - 10*m + 9. Let v be a(7). Let f = u - v. What is the greatest common factor of 8 and f?
8
Let q be (-2)/6 - 3/(-9). Let t = 2 + q. Let i be 2 + 1 - (-2 + 3). What is the greatest common factor of i and t?
2
Let z(j) = j**2 + 11*j - 26. Let s be z(-13). Suppose s = -4*g + 3*h + 67, 3*h = -g + 8*h + 21. What is the greatest common factor of 128 and g?
16
Let a = 8 + -8. Let z(v) = a*v**3 - 3*v**2 + 5 - v**3 - 23*v + 24*v. Let n be z(-4). Calculate the highest common factor of n and 119.
17
Let a = -769 - -793. Let o be 8/(-5)*(-1 + -4). What is the greatest common divisor of o and a?
8
Let h = 64 - 34. Let g be (2 + 1)*(7 + -16). Let n = -12 - g. What is the greatest common divisor of n and h?
15
Suppose 11*u + 14 = 12*u. Let o be (-5 - (-46)/u)*7/(-1). Calculate the highest common factor of 156 and o.
12
Let d = -249 - -318. Calculate the highest common divisor of 1058 and d.
23
Let u = 781 + -765. Calculate the greatest common factor of u and 100.
4
Let d be 15/5 + -2 + 1. Let p be 3 - ((3 - 12) + (2 - d)). Let h = 26 - 8. Calculate the highest common factor of h and p.
6
Let j be (-1)/(103/52 + -2). Let g(w) = -w**3 - 9*w**2 - 5*w - 19. Suppose -4 - 23 = 3*z. Let r be g(z). Calculate the highest common factor of r and j.
26
Let n be (-14)/(-21) - 7/(-3). Suppose -n*p + 63 = -3*q, 5*q = 4*q + 1. Calculate the greatest common factor of 88 and p.
22
Suppose -5*o = 3*a - 228, -32 - 151 = -4*o - 3*a. Let f = -17 + o. What is the greatest common factor of 42 and f?
14
Suppose -10*u - 2 = -11*u. Suppose u*b + 5 - 4 = i, 3*b = -i + 1. What is the greatest common divisor of i and 8?
1
Let u = 281 - 188. Suppose -2*a = -7*a + 15. Suppose -a*k + 2*k = -31. Calculate the highest common divisor of k and u.
31
Let f(t) = t**3 - 9*t**2 - 10*t + 27. Let s be f(10). What is the greatest common factor of s and 9?
9
Let f(w) = -w**2 - 9*w - 8. Suppose -1 = x, 3*a - 1 = 5*x - 20. Let o be f(a). Suppose 6*m - 2*m - 32 = o. Calculate the highest common factor of 72 and m.
8
Suppose 0*q - q = 4*s - 104, 5*s = -10. Suppose -199 + 3679 = -5*r. Let y be r/(-44) + 4/22. Calculate the highest common factor of q and y.
16
Let h = 21 + -19. Sup